
2, 31
Suppose 0 = 4*c + 8, -16*v = -21*v - 3*c - 16. What are the prime factors of 10/10 + (-1)/(v/992)?
7, 71
Let n(k) = k**2 - 11*k + 19. Let r be n(9). What are the prime factors of r - 3 - (-1252 + 1)?
1249
Let m(t) = -52*t**3 - 11*t**2 - 14*t - 12. List the prime factors of m(-5).
61, 103
Let h be (-56)/(-84)*(200 + 1 + 0). Let i be (3/2)/(3/314). Suppose -3*r + h + i = 0. What are the prime factors of r?
97
Let v be (-14)/(-21) + (-582)/9. Let t be v/12*(36/(-16) + 0). Suppose t*o - 10*o = 174. List the prime factors of o.
3, 29
What are the prime factors of (8115/(-10))/((-37)/(-148))*2*-8?
2, 3, 541
Let l(v) = 2*v**3 + 38*v**2 + v + 22. Let a be l(-19). Suppose -5468 = -4*s - a*g, 31*s - 33*s - 5*g = -2734. What are the prime factors of s?
1367
Let q be (12/(-14))/(3/21). Let i be -2*((-7857)/q)/(-3). Suppose -i = 3*s - 8*s - 3*y, 0 = 4*s - 4*y - 724. List the prime factors of s.
3, 59
Suppose -5*n + 2*l - 207 = -0*l, 5*n = 4*l - 209. Let v = n + 44. Suppose v*k = -10 + 403. List the prime factors of k.
131
Suppose -21*g + 3168 + 1116 = 0. Let i = g + 217. List the prime factors of i.
421
Let x be 3 - 3/(-6)*-4 - 328. Let r = -87 - x. List the prime factors of r.
2, 3, 5
Suppose 3*y - 30 = -18. Suppose a = 2*a - w + 12, a = y*w. List the prime factors of (-8 - -2)*(a/3 - -2).
2, 5
Let g be (-3)/(3/(-85732)*(-1 - -5)). Suppose 0 = 38*t - 1329 - g. What are the prime factors of t?
599
Let g = -1 + 3. Suppose 0*r - g = -r. Suppose 0 = 3*v + 4*w - 18, -r*v + 3*w = 14 - 43. What are the prime factors of v?
2, 5
What are the prime factors of 12571*((-296)/(-104) - 3 - 28/(-13))?
2, 13, 967
Suppose 5*n = 44 + 11. Suppose -2*z + f = 5, 4*f - 9 - n = 2*z. Suppose 2*p + p + 4*i - 300 = z, 0 = p + 2*i - 102. List the prime factors of p.
2, 3
Let g(z) = 419*z**2 + 13*z - 42. Let q be g(3). Suppose 15472 = 7*i + q. List the prime factors of i.
2, 11, 19
Let v be (-310)/(-18) + 2/9*-1. Suppose 8*y - v*y = -1116. What are the prime factors of y?
2, 31
Let h(c) = 9*c**2 + 4*c + 13. Let w be h(11). Suppose 3*o + w = 9*o. What are the prime factors of o?
191
Let l(n) = 54*n + 1969. What are the prime factors of l(-28)?
457
Let x = -15 + 20. Let u(m) = 148*m + 15. Let b be u(x). Suppose -4*g - 211 = -b. List the prime factors of g.
2, 17
Suppose -4*s + 14*s - 2040 = 0. Suppose 15*m - 11379 = -s. What are the prime factors of m?
5, 149
Suppose 366*b + 247131 = 393*b. What are the prime factors of b?
3, 113
Suppose 5*w + 3 + 2 = 0, 3*a - 3562 = 4*w. Suppose -5*v = -2*c - a, -3*v + 4*c + 606 + 114 = 0. What are the prime factors of v?
2, 59
Let g = 138 + -135. Suppose -g*v = 5*v - 6704. List the prime factors of v.
2, 419
Suppose -4*p + 16 = 0, -1 = k + p - 15. List the prime factors of ((-15)/k)/((-18)/7464).
2, 311
List the prime factors of 1109/(1 - (-1 - (-78)/42)).
7, 1109
Suppose 5*a + 944*n - 142495 = 939*n, -3*a = -4*n - 85511. What are the prime factors of a?
11, 2591
Let p(u) = -91*u - 374*u + 158*u. Let r be p(-1). What are the prime factors of 1 - (-17)/(-34)*(-1 - r)?
5, 31
Let w = 110 - 157. Let y = -40 - w. Suppose -56 = y*u - 945. List the prime factors of u.
127
Let c = -64 + 79. List the prime factors of 3/c + 8208/60.
137
Let v = 7549 + 3127. What are the prime factors of v?
2, 17, 157
Let b be (2 + 186/24)*-4. Let w = 318 + b. What are the prime factors of w?
3, 31
Let r = 17 - -302. Let l = r - -316. What are the prime factors of l?
5, 127
Let q be 1*(-5)/10*34. Suppose -5*r + 5*a = -150, 3*r - 2*a - 112 = -r. Let z = q + r. List the prime factors of z.
3
Suppose 59*a = -8*a + 205757. What are the prime factors of a?
37, 83
Let i = -9338 - -15935. List the prime factors of i.
3, 733
Let j(i) be the third derivative of i**5/60 + 3*i**4/8 + i**3 - 7*i**2. Let x be j(-8). List the prime factors of (((-75)/10)/5)/(x/212).
3, 53
Suppose -g + 1066 = -4*n, n = 4*g + 445 - 4664. Suppose -3*y + g = -8. List the prime factors of y.
2, 3, 59
Let y = -382 - -382. Suppose 0 = s + 2 + 3, y = -4*b + 2*s + 3070. List the prime factors of b.
3, 5, 17
Let z = 2 - 12. Let h(l) = l + 7. Let o be h(z). What are the prime factors of 0 - (-37 - (o + 7))?
41
Let j(n) = -10*n**2 + 21*n + 48. Let o(t) = -11*t**2 + 22*t + 49. Let l(x) = -3*j(x) + 2*o(x). What are the prime factors of l(-5)?
3, 83
Let c(a) = 125*a + 32. Suppose 18*w = 22 + 14. What are the prime factors of c(w)?
2, 3, 47
Let h be 2/5 + (5 - 51348/(-30)). Suppose 0 = 10*s - 2653 - h. List the prime factors of s.
19, 23
Suppose -37*d + 1175888 = -11*d - 344696. What are the prime factors of d?
2, 14621
Suppose 14*v = 17*v + 18, 3*v = -2*r + 111400. List the prime factors of r.
17, 29, 113
Suppose 4 = 3*z - 3*g + g, 0 = -2*z + 2*g + 2. Let q(m) = 13 - 8*m - 3*m**2 - 7 + 4*m**z + 0*m. List the prime factors of q(9).
3, 5
Suppose 0*q + 4*q - 16 = d, 20 = 3*d + 5*q. Suppose -2*v + 5*i + 23 = d, v - 2*i - 10 = -0*v. Suppose v*p - 83 - 153 = 0. List the prime factors of p.
59
Let v(d) = -d**3 - 4*d**2 - 3. Suppose 3*l - 9 + 24 = 0. Let p be v(l). Let m = 73 - p. What are the prime factors of m?
3, 17
Let v(k) = 803*k**3 + 3*k**2 - 4*k + 1. Let q = 188 - 187. List the prime factors of v(q).
11, 73
Let w(r) = r**3 + 7*r**2 + 5*r - 4. Let c be w(-6). Suppose -c*f + d = -d - 282, d = -4*f + 579. What are the prime factors of f?
2, 3
Let a(n) = -n - 4. Let i(h) = 2*h + 8. Let z(m) = 5*a(m) + 2*i(m). Let f(p) = -2*p - 13. Let s(d) = 3*f(d) - 8*z(d). What are the prime factors of s(12)?
17
Suppose -30 = -4*o + j + 24, 0 = o + j - 16. Suppose -21*y + o*y + 11333 = 0. What are the prime factors of y?
1619
List the prime factors of 15/9*(-204)/(-170) - -67797.
151, 449
Suppose -596 = -3*h + 4*d + 1744, -5*h = 2*d - 3926. Suppose -5*x - 5*k + 3081 = -h, 10 = 5*k. What are the prime factors of x?
3, 257
Let a(j) = -2*j**2 + 7 - 6 + 32*j - 5*j. Let s be a(5). Let w = 163 + s. What are the prime factors of w?
3, 83
Suppose 0 = n - 4*l - 29, -14 = 3*l - 2. Suppose 3*u + 5*i = 3039, -517 = 2*u + 2*i - 2539. Suppose 6*j - n*j = -u. What are the prime factors of j?
2, 3
Let h(n) = 10*n**2 - 26*n - 53. What are the prime factors of h(-32)?
3, 3673
Let r = -42 + 34. What are the prime factors of (r*(-7)/(-42))/((-1)/1197)?
2, 3, 7, 19
Suppose u = -l - 11*l + 38345, -76766 = -2*u - 5*l. List the prime factors of u.
38393
Let u(c) = c**3 - 24*c**2 + 49*c - 33. Let p be u(22). What are the prime factors of (-11)/(p/(-903))*(-10)/(-3)?
2, 5, 43
Let g(v) = -6*v - 2 + 3 + 2 - v**2 - 2. Let o be g(-6). List the prime factors of (o*117)/(-2 + (-12)/(-4)).
3, 13
Let j(h) = 94*h**2 - 33*h + 427. List the prime factors of j(17).
2, 31, 109
Suppose -19*l = -5*l - 210. List the prime factors of ((-2)/l - (-44)/55)*177.
2, 59
Let y(a) be the first derivative of a**6/120 + 5*a**4/6 + 2*a**3 - 5. Let r(f) be the third derivative of y(f). List the prime factors of r(-5).
5, 19
Let s(v) = 7*v + 33. Let i be 11*3/21 + (-21)/(-49). Suppose i*w - 8 - 8 = 0. What are the prime factors of s(w)?
89
Suppose 0 = 4*z + v - 266275, -5*v - 94046 = -4*z + 172187. What are the prime factors of z?
3, 22189
Let i = 58 + -8. Let n = 60 - i. List the prime factors of n + -9 - -1*94.
5, 19
Let j(h) = 19*h**2 + 168*h + 48. List the prime factors of j(-30).
2, 3, 1009
Suppose -4*g + 12*g + 144 = 0. List the prime factors of 2305/10 - g/(-12).
229
Let t(k) = k + 1. Let v(x) = -117*x**2 - 7*x - 3. Let s(n) = -5*t(n) - v(n). Let q = -25 + 26. What are the prime factors of s(q)?
3, 13
Suppose 0 = -3*w + 2*z + 5226, 10*w + z = 11*w - 1743. Suppose 1950 + w = 10*l. List the prime factors of l.
3, 41
Suppose -p + 9035 = 3*l, -9*l + 1796 + 16274 = 2*p. List the prime factors of p.
5, 13, 139
Suppose -149116 = 34*p - 425264. What are the prime factors of p?
2, 31, 131
Let k be (-1)/(4/12) + 13. Suppose k = 7*s - 5*s. Suppose z - 147 = -5*y, 0 = s*z + 7*y - 3*y - 777. What are the prime factors of z?
157
List the prime factors of (-8)/((-40)/195275) - (-12)/(-2).
17, 2297
List the prime factors of 1183973/237 - (8/6)/(-4).
2, 1249
Suppose 4*l - 20*l = 0. Suppose 4*q = -4*o - o + 4148, l = 3*q - 4*o - 3142. What are the prime factors of q?
2, 521
Suppose 156 = 2*k - 522. Let w be ((-1)/((-12)/(-56)) - -4)*-6. Suppose -f - k = -5*r, 4*r = -r - w*f + 319. What are the 